he remainder when w is divided by (-14625)/468*(-8)/5.
37
Let n = -15184 - -15207. Calculate the remainder when 457 is divided by n.
20
Suppose -5*r + 2*r - 4*h + 125 = 0, -4*r + 3*h = -100. Calculate the remainder when 1332 is divided by r.
30
Let o(l) = 27*l - 304. Let k be o(-6). Let t = 486 + k. Calculate the remainder when 36 is divided by t.
16
Let b(m) = -8*m**2 + m - 105. Let h be b(7). Let p = -438 - h. Calculate the remainder when 108 is divided by p.
4
Let y = 3138 - 3120. Calculate the remainder when 106 is divided by y.
16
What is the remainder when 438 is divided by (-22)/(-121) - 3776/(-44)?
8
Let w = 7 + -3. Let o = -234 + 42. Let b = o + 211. Calculate the remainder when b is divided by w.
3
Suppose 11*a + 100 - 389 = -6*a. Calculate the remainder when 12/(5*6/165) is divided by a.
15
Let j(r) = 5 + 3*r - 37*r**3 + 23 - 1 + 3*r**2 + 38*r**3. Calculate the remainder when 59 is divided by j(0).
5
Let d(f) = f**3 - 7*f**2 - 11*f + 31. Let a be d(8). Suppose 0 = -a*k + 3168 + 283. Calculate the remainder when k is divided by 26.
25
Suppose 3*m - 2*b = -63, -b = 3*m + 55 - 1. Let o = 33 + m. Let i = 4 + o. Calculate the remainder when 30 is divided by i.
12
Let b(z) = z**3 - 11*z**2 - 90*z + 1221. What is the remainder when b(15) is divided by 160?
131
Suppose 39*l = 33*l + 24. What is the remainder when (-1 - (189 - -2))*(-5 + l) is divided by 13?
10
Suppose -d - 38 = -4*m + 53, d - 53 = -2*m. Calculate the remainder when 479 is divided by m.
23
Suppose 35 = 5*j + 10. Let p = -20210 + 20288. Calculate the remainder when p is divided by j.
3
Let f = -203 - -695. Let t = -475 + f. What is the remainder when 46 is divided by t?
12
Let m = 1043 + 345. Let t = -490 + m. Calculate the remainder when t is divided by 25.
23
Let u = -2926 + 4982. What is the remainder when u is divided by 14?
12
What is the remainder when (4368/36)/4*24 is divided by 23?
15
Let f = -507 + 641. Suppose -x + f = 133. Let d(u) = u + 8. Calculate the remainder when d(-6) is divided by x.
0
Let j(b) = -5*b**3 - b**2 - 2*b - 1. Let f be j(-1). Suppose 59 + 31 = f*v. Suppose -v = 3*x - 72. Calculate the remainder when 33 is divided by x.
15
Suppose -5597 = -27*x + 83 - 361. Calculate the remainder when 575 is divided by x.
181
Let m = -16 + 137. Let s = 31476 - 31443. Calculate the remainder when m is divided by s.
22
Suppose 0 = -v - 3*v - 4. Suppose 373*t + 46*t - 6704 = 0. What is the remainder when 96 + (v - 1) + 1 is divided by t?
15
Let f be 7 + -4 + 16/(-4). What is the remainder when 206 is divided by f/(-9) - (-340)/18 - 5?
10
Let n = 26 - 23. Suppose -j - n + 66 = 0. Let w(m) = -m - 3. Calculate the remainder when j is divided by w(-19).
15
What is the remainder when 176/10*((-25025)/140)/(-13) is divided by 63?
53
Let p(k) = -k**3 + 12*k**2 + 52*k - 404. What is the remainder when p(8) is divided by 32?
12
Let v = -19489 - -19500. Let h(t) = -t**3 - 1 + 8*t**2 - 1 + 4. Calculate the remainder when h(7) is divided by v.
7
Suppose 0 = 441*k - 442*k + 10444. Calculate the remainder when (k/(-35))/((-18)/45) is divided by 68.
66
Suppose -4*r = d - 256, 0 = -4*r + d + 164 + 92. Let c(u) = u**2 - 144*u + 2281. Calculate the remainder when r is divided by c(18).
12
Suppose -6*b - 46 + 58 = 0. Suppose -3*p - 2*u = -194, -b*p + 51 = 3*u - 75. Calculate the remainder when p is divided by 18.
12
Let j = 39 + -6. Let h = -30 + j. Suppose -g + 140 = h*m - 3*g, 4*m - 188 = 4*g. What is the remainder when m is divided by 16?
14
Let w(k) = -862*k + 6780. Calculate the remainder when 2242 is divided by w(7).
4
Suppose 6*q + 1496 = 79*q - 8870. Calculate the remainder when 3827 is divided by q.
135
Let s(p) = 3*p**2 + 65*p + 263. What is the remainder when 597 is divided by s(-17)?
22
Let c = 15 + 13. What is the remainder when 47 - 52 - (2 - 4 - 98) is divided by c?
11
What is the remainder when 12/(-96)*-6 + 10122/8 + -3 is divided by 606?
51
Suppose 18*k + 1474 + 866 = 0. Let x = -124 - k. What is the remainder when 15 is divided by x?
3
Let g(m) = m**2 - 16*m + 53. Let j be g(8). Let r(c) = -7*c - 76. Let d = -3 + 6. What is the remainder when d is divided by r(j)?
0
Suppose -n = -9 - 49. Let z(m) = -m**2 - 83*m - 1602. What is the remainder when n is divided by z(-52)?
8
Suppose 2*s + 4 = 0, -274 - 240 = -m - 2*s. Calculate the remainder when m is divided by 24.
14
Let g(w) = w**2 - 4*w - 4. Suppose -3*i + 997 = 4*v, -5*v + i = -0*i - 1232. Suppose 7*q - 131 = v. Calculate the remainder when q is divided by g(8).
26
Let q = -6 + 44. Suppose -338 = -45*r + 697. Suppose 2*d + i = r, 3*d + d = 5*i + 81. What is the remainder when q is divided by d?
10
Suppose 0 = 18*r - 8*r - 670. Suppose 4*b - 68 = -2*d, 38 = 4*b + 4*d - 22. Calculate the remainder when r is divided by b.
10
Suppose -3*z = -2*z + 11, -z + 154 = 510*n - 505*n. Let p = -15 + 29. Calculate the remainder when n is divided by p.
5
Let i be (3 + -1)/(-1) - -32. Suppose -2*t = -0*m - 2*m - i, 4*t - 3*m - 58 = 0. Let w(l) = l**3 - 7*l**2. What is the remainder when w(8) is divided by t?
12
Let j(h) = 38*h**2 - 3*h - 5. Let q = 132 - 117. Let s be q*(-4)/(-12) - 7. Calculate the remainder when j(s) is divided by 13.
10
Suppose k = -4*m + 1455, 3*m + 64*k - 1090 = 63*k. What is the remainder when m is divided by 24?
5
Suppose -746*k + 53*k + 19503 = -102*k. Suppose -r + a - 13 = -3*a, 3*r = 4*a - 7. What is the remainder when k is divided by r?
0
Let a = 114 + -97. Suppose 0 = -8*d + 10*d + 36. Let h = d - -22. What is the remainder when a is divided by h?
1
Suppose -2*v - 5*c = -870, -16*v + 4*c = -20*v + 1788. What is the remainder when v is divided by 446?
9
Suppose 3*m + 5*z - 339 = 0, -3*m + 312 = 3*z - 27. Calculate the remainder when 124 is divided by m.
11
Suppose 62*p - 57*p = 120. Let d = 631 + -624. What is the remainder when p is divided by d?
3
What is the remainder when 147 is divided by 5334/7*8/48?
20
Suppose -17654 = -262*f + 11166. Calculate the remainder when 179 is divided by f.
69
Let k = -3080 - -3850. Calculate the remainder when k is divided by 130.
120
Suppose -122 + 98 = -6*i. Suppose 2*o - 10 = -3*l, i*o - l - 35 - 13 = 0. Calculate the remainder when 20 is divided by o.
9
Let a(w) = -20*w - 4. Let t be a(-2). Suppose 3*b - 20 - 16 = 0. Calculate the remainder when ((-465)/(-20))/(9/t) is divided by b.
9
Let m(u) = -u**2 + u - 1. Let f(b) = -5*b**2 + 31*b + 79. Let r(k) = -f(k) + 6*m(k). What is the remainder when 114 is divided by r(-9)?
55
Calculate the remainder when 700 is divided by (372 + -357)/(5/64).
124
Let s(j) = 8*j**2 - 15*j - 340. What is the remainder when s(-10) is divided by 13?
12
Suppose 3*i + 21*r - 20*r = 6784, 3*i + 3*r - 6780 = 0. What is the remainder when i is divided by 5?
2
Suppose -l + 86 = -y, -10*l = -3*y - 372 - 544. Calculate the remainder when 1508 is divided by l.
4
Suppose -6343 = -231*b + 9365. Calculate the remainder when 894 is divided by b.
10
Suppose 558 = 95*j - 86*j. Let x = 128 - j. Calculate the remainder when x is divided by 4.
2
Let f = -1351 - -2854. Calculate the remainder when f is divided by 47.
46
Let a(k) = 54*k + 1. Suppose w - 4*d + 6 = 0, -3*w + 43 = 4*d - 3. Calculate the remainder when a(1) is divided by w.
5
Suppose 15*d + 3*j - 363 = 12*d, 2*j = d - 112. Calculate the remainder when 218 is divided by d.
100
Suppose -48*y = 454*y - 7026 - 2. Calculate the remainder when 363 is divided by y.
13
Suppose 4*x - 3*n - 5630 = 0, 10*x - 13*x + 4215 = -n. What is the remainder when x is divided by 25?
3
Let h(p) = 4*p + 316. Calculate the remainder when h(-19) is divided by 26.
6
Let w(v) be the first derivative of v**3/3 + 9*v**2/2 - 19*v + 7. Let l be w(-13). Let n = 12 + l. What is the remainder when n is divided by 12?
9
Suppose -32*p + 90447 + 28365 = -900. Calculate the remainder when p is divided by 96.
93
Let d(z) = -z**2 - 13*z + 9. Suppose -4*o + 4*q = -33 - 95, 99 = 3*o - 4*q. Calculate the remainder when o is divided by d(-13).
2
Suppose 20 = 4*g, -5*s + 3*g + 25 = -s. Calculate the remainder when 143 is divided by 101/2 + s/(-4).
47
Let d be (46 + 4)/(-5) - 1. What is the remainder when 112 is divided by (-3 - 10)*(d - -10)?
8
Suppose -4*h + 9*m + 7674 = 6*m, 8 = 4*m. Let v(o) = 5*o + 1. Let a be v(4). What is the rem